ighest common factor of i and 118.
59
Let p(z) = -19*z + 1053. Let b be p(53). What is the highest common divisor of b and 1058?
46
Let a = 138 + -89. Let u = -37 + a. Calculate the greatest common divisor of u and 48.
12
Let w be 1 + -5 + 1 + -46. Let f = w + 434. Calculate the greatest common divisor of f and 55.
55
Let p(j) = j**2 + 22*j - 95. Let i be p(-27). Calculate the greatest common divisor of 25 and i.
5
Suppose 0 = -i + 4, 5*k + 20 = i - 149. Let n = 39 + k. What is the greatest common factor of n and 144?
6
Suppose 3*t - 45 = -2*t. Let m(i) = 2*i - 7. Let f be m(t). What is the greatest common divisor of 66 and f?
11
Let q(c) be the first derivative of -c**3/3 + 9*c**2/2 - 14*c - 4. Let l be q(6). Suppose -l*v + 9*v - 65 = 0. What is the greatest common factor of 104 and v?
13
Let b(n) = -n + 2. Let k be b(0). Let j be k/(-9) + (-816)/(-27). Calculate the greatest common factor of 12 and j.
6
Let q be (4 + 20)*39/4. What is the greatest common factor of 78 and q?
78
Let k be (1 - 1*-369) + 12 + -18. Let z = -40 - -92. What is the greatest common factor of z and k?
52
Suppose -2*p = 92 + 20. Suppose 0 = -5*m + 427 - 7. Let n = p + m. Calculate the greatest common divisor of n and 42.
14
Suppose 2*w - 6*w = -432. Suppose 0 = -8*m + 5*m + 30. Suppose 0*q + g + m = q, 3*g = 6. What is the greatest common divisor of q and w?
12
Let w(y) = 4*y + 33. Let p be w(-5). What is the greatest common divisor of 52 and p?
13
Suppose -3*p - 3*z + 18 = 0, 4*p - 26 = p + z. Let y be (1266/1055)/(6/20). What is the highest common factor of y and p?
4
Let z = 135 + 55. What is the greatest common divisor of 30 and z?
10
Let b(c) = -80*c + 16. Let d be b(-7). Calculate the highest common factor of 36 and d.
36
Let w(l) = 10*l - 6. Let o be w(1). Suppose -216 = -5*c - o*c. What is the greatest common divisor of 12 and c?
12
Suppose 0 = -y + 4*i + 52, 0 = 3*y - 0*y + 2*i - 100. Let v be 30/(-9)*y/(-8). Suppose 2*f = 9 + v. What is the highest common divisor of 30 and f?
6
Let t = -95 + -2. Let z = 141 + t. Suppose -6*q = -0*q - 66. What is the greatest common divisor of q and z?
11
Let k be 11/(330/(-12)) - 82/(-5). What is the highest common factor of k and 752?
16
Suppose -59*i + 403 = 108. Suppose 0*a - 5 = -a. Calculate the highest common factor of i and a.
5
Let k = 22 + 13. Let h(y) = -7*y**2 - 38*y - 1. Let w be h(-5). Calculate the highest common divisor of k and w.
7
Let b be 6/(-21) + 75/(-7). Let g = -11 - b. Suppose m - 9 = -g*m. Calculate the highest common divisor of 9 and m.
9
Suppose -39 = -4*f - 19, 3*m - 74 = -4*f. Calculate the greatest common factor of 78 and m.
6
Let s be ((-30)/6)/((-6)/4 - -1). Let i(j) = 19*j - 4. Let x be i(6). Calculate the greatest common divisor of x and s.
10
Suppose 11*l - 388 = 360. Suppose -15 - 1 = -4*h. Calculate the greatest common divisor of h and l.
4
Let x(m) = m**3 - 3*m**2 - 11*m + 32. Let y be x(4). Calculate the highest common divisor of y and 52.
4
Let h(i) = -2*i - 8 + 37 - 17. Let q be h(-5). What is the greatest common divisor of 55 and q?
11
Let m be -1 - (-12)/(-9)*(-2 + -1). Calculate the highest common factor of 7 and m.
1
Suppose 2*j + 4*j - 1224 = 0. Let d be (14/8)/(17/j). What is the greatest common divisor of d and 84?
21
Let c be ((-24)/(-6) + 38/4)*6. Suppose -w - 3*j - j + 13 = 0, -3*w + 2*j = -c. Calculate the greatest common factor of w and 200.
25
Let d = 294 + -169. Calculate the greatest common divisor of 75 and d.
25
Let w be 1 + (-429)/(-3)*1. Suppose -4*l = c - w, -5*l + 180 = -5*c + c. Let b = -17 + 29. Calculate the highest common factor of l and b.
12
Let p = 19 - -34. Suppose 5*u + 116 = 4*d - 49, u = 4*d - 49. Let g = u + p. Calculate the highest common divisor of g and 8.
8
Let r(p) = -4*p + 132. Let u be r(20). What is the highest common factor of 299 and u?
13
Let a = 3 - -1. Suppose -j + 114 = a*g, 5*g - 2*j = -3*j + 142. Suppose -2*s = 5*y - 17 - 43, -2*y = 3*s - 13. Calculate the highest common divisor of y and g.
14
Let r(y) = y**2 - 7*y + 8. Let w be r(6). Suppose 14 = w*z + 6. Suppose -z*u + 10 = -2. Calculate the highest common factor of 33 and u.
3
Let y be 56/6 + 9 + (-248)/24. What is the highest common factor of y and 256?
8
Let k be (-42)/4*(-12)/9. Suppose 3*n + z = -2*z + 12, -5*z + k = 3*n. Calculate the greatest common divisor of 30 and n.
3
Let v(k) = 135*k - 42. Let b be v(7). Calculate the greatest common factor of b and 21.
21
Suppose -8*s - 3 = -7*s. Let h be s/(-6) - (-10)/4. Suppose -2*p + 2*q = -h*p + 7, 4*q = 2*p + 2. What is the greatest common factor of p and 2?
1
Let k = -39 + 31. Let q be 42/k + 1/4. Let y be ((-117)/3)/(q - -2). Calculate the greatest common factor of y and 26.
13
Let a be (-1)/(2/(-3))*1068/18. Let b = 103 + a. What is the highest common divisor of b and 12?
12
Let l be (-35)/(-14)*24*35/14. Suppose -2*k + 8 = 2*v - 4, -2*k = v - 8. Let p be (v - 2)*(-30)/(-1). What is the greatest common divisor of l and p?
30
Let x be -23*((-48)/3)/2. Calculate the greatest common divisor of x and 138.
46
Let h be 1 - -1 - 4 - 0. Let r be 7*((-6)/3)/h. Suppose -d + 3*d - 28 = 0. What is the greatest common factor of r and d?
7
Suppose 1 = 5*x + 6. Let h be 37*(2 - (x - 2)). Calculate the greatest common factor of 74 and h.
37
Suppose -2*u = 0, -n + 3*u + 29 = 8*u. Calculate the greatest common divisor of 3712 and n.
29
Let i(z) = z**3 + 6*z**2 + 10*z + 8. Let p be i(-4). Suppose p = w + 2*a - 142, 4*w - 36 - 499 = 3*a. Calculate the highest common factor of w and 17.
17
Let w be (-5*2)/(8/(-32)). What is the highest common divisor of w and 32?
8
Let c(a) = -4*a**2 + 60*a - 24. Let r be c(14). What is the greatest common factor of r and 56?
8
Let i(c) = -c**2 + 6*c. Let s be i(3). Suppose -s*w + 10*w - 17 = 0. What is the greatest common factor of w and 34?
17
Let t be 3*40/(-15) + 4. Let o(u) = -2*u**3 - 7*u**2 - 7*u - 10. Let l be o(t). What is the highest common factor of 51 and l?
17
Let s = -48 + 95. Suppose -5*m + s + 43 = 0. What is the highest common divisor of 6 and m?
6
Suppose 62*u + 216 = 63*u. Suppose -3*c + 3*i = -u, -3*c + 2*i + 3*i = -206. Calculate the greatest common factor of c and 7.
7
Let p be 6*((-656)/(-20))/(9/15). What is the highest common divisor of p and 410?
82
Suppose 0 = 273*d - 263*d - 240. Calculate the highest common divisor of 66 and d.
6
Suppose -2*y + 7 = -1. Let q(h) = h**3 + 11*h**2 + 11*h - 8. Let v be q(-8). Suppose 204 = y*o - v. What is the highest common divisor of o and 30?
15
Let w(f) = -7*f - 24. Let j be w(-24). What is the greatest common factor of 18 and j?
18
Let r(x) = 2*x - 2 - x**2 + 0 + 4 - x**3 + 1. Let k = -1 + -1. Let t be r(k). What is the greatest common factor of t and 21?
3
Let s = -1468 - -1522. Calculate the greatest common factor of 36 and s.
18
Let z(t) = -15*t. Let p be z(-11). What is the highest common divisor of p and 77?
11
Let d = -16 - -18. Suppose c + 20 = d*c + 5*f, 0 = 4*c - 3*f - 57. Let z = 7 - 1. What is the highest common divisor of z and c?
3
Let l = 97 + 23. What is the highest common factor of 45 and l?
15
Suppose 2*n = 8 + 20. Suppose -g + 3*s = -n, -4*g + 2*s - 5*s = -71. Suppose p - g = 39. What is the highest common factor of 14 and p?
14
Let z(n) = 2*n + 10. Suppose -23*m - 4 = -24*m. Let x be z(m). Calculate the greatest common factor of x and 126.
18
Let a(i) = -2*i + 26. Let j be a(7). Suppose 2*c - j = 2*b, -5*c + 7*c + 4*b = 12. Let g be 42 - (2 - 4 - -2). What is the highest common factor of c and g?
6
Suppose 0 = d + 2*n - 89, -4*d + n + 364 = 5*n. Calculate the greatest common divisor of 62 and d.
31
Let c be -4*(-212)/8 - (-2)/2. Suppose g = 3*l + c - 15, 0 = -g + l + 84. Suppose 3*x = 4*x - 10. Calculate the highest common divisor of x and g.
10
Let t = 19 - -51. Suppose -8*b + 3*b = -t. Suppose 0 = 113*c - 92*c - 1470. Calculate the greatest common divisor of c and b.
14
Let t(l) = 321*l - 36. Let u be t(1). Calculate the highest common factor of u and 19.
19
Let i = -30 - -28. Let h be (-552)/(-18) + i/3. Let u(y) = 12*y**2. Let n be u(1). Calculate the highest common factor of n and h.
6
Let p = 81 + -56. Let r(s) = s**3 - 26*s**2 + 28*s - 43. Let w be r(p). Calculate the highest common factor of w and 64.
32
Suppose 65 + 40 = 7